alse
Let v(j) = -2121*j**3 + 2*j**2 + 19*j + 41. Is v(-2) prime?
True
Let i(h) = h**3 + 30*h**2 + 59*h - 52. Let l be i(-28). Is (4 - -2) + -1 - l a composite number?
True
Is 4/14 - 3665*(-812)/980 composite?
False
Let x(k) = k**3 - 4*k**2 - 4*k - 2. Let h be x(-3). Let r = h + 57. Is 3/(-4) + ((-2375)/(-4) - r) prime?
False
Let n = -2 + 14. Let f(t) = -n*t + 13 + 0*t - 26 + 12*t**2. Is f(7) composite?
False
Suppose -5*d + 2 + 3 = 0, 3*r - d = -25. Let l be 1771/55 + r/(-10). Is (36921/l - 2) + (-14)/(-77) a prime number?
True
Let w(f) = f**3 - 51*f**2 - 53*f + 18. Let j be w(51). Let m = 5342 + j. Is m a composite number?
False
Is 836520850/440*(-8)/(-10) a prime number?
True
Suppose -b + 0 = -3. Suppose 6*y - 12 = b*y. Suppose y*u + 3 = 1279. Is u prime?
False
Suppose 0 = -4*u - 12, -372666 = -3*r - 15*u + 20*u. Is r a composite number?
True
Is ((-8)/(-14))/(23/(-161)) - -549915 a prime number?
True
Let q = -590 - -1558. Suppose -2*k - 2*l + q = -0*l, -l = -2*k + 977. Is k prime?
True
Suppose 5*a - 115734 = -10*a - 3099. Is a a composite number?
True
Let b(l) be the first derivative of 26*l**3/3 + 4*l**2 - 25*l - 51. Is b(14) a prime number?
False
Let q = -1552 + 2413. Let s be (2 - -4) + 4 + -7. Suppose 2567 = 3*c + 4*d, -s*c + 4*d = -4*c + q. Is c prime?
True
Suppose 2*f - 4*p - 3108 = -0*p, 0 = 4*f - 3*p - 6216. Suppose 18*q - f = 2244. Is q a prime number?
True
Let l = 89 - 213. Suppose 994 = -2*f + 4*f. Let n = l + f. Is n a composite number?
False
Suppose 0 = -2*q + 4 - 0. Suppose -q*o + 8096 = 2*o. Suppose 3*p = 12, -5*g = -5*p - o + 249. Is g a composite number?
False
Let c(b) = -13*b**3 + b**2 - 2*b + 197609. Is c(0) prime?
True
Suppose -2*x - 233842 + 1721904 = 4*c, 4*x - 2976094 = -3*c. Is x composite?
False
Let j(d) = -2*d**3 - 12*d**2 + 5*d - 16. Let h be j(-13). Suppose v = -4*v + h. Suppose x - 394 = v. Is x a composite number?
True
Suppose 50482 = 2*d + 4*m, -3*d + 2*m + 75732 = 5*m. Is d composite?
False
Let a be 1/(11/838) - (-272)/(-1496). Suppose a*w - 81*w + 13025 = 0. Is w a composite number?
True
Is ((-1)/8)/(62/(-175015088)) a prime number?
True
Let n be 1/(14/4) - 108/(-14). Suppose 0 = 3*v - 3*u - 18, 2*u + n = -v - v. Is 2 + (209 - v)*(-3)/(-4) prime?
False
Let r = 1029 + -484. Suppose r*c - 5410 = 543*c. Is c prime?
False
Let i(h) = -3*h - 7. Let u be (161/92)/(1/(-8)). Is i(u) a composite number?
True
Let q(j) be the second derivative of -397*j**5/20 + j**4/2 + 3*j**3/2 + 9*j**2 - 42*j + 1. Is q(-4) prime?
False
Let p(d) be the first derivative of 66*d**2 - 5*d - 59. Is p(6) a composite number?
False
Suppose 21 = 19*q - 12*q. Suppose 884 = q*n - 463. Is n a composite number?
False
Let r(s) = 21649*s**2 + 341*s + 1661. Is r(-5) a composite number?
False
Suppose -n = -6*n + 3*n. Suppose -6*f - 18 - 12 = n. Is 6/(-2 - f) - (-3163 + 2) a prime number?
True
Suppose -h - 135 = 4*h. Suppose -a + 566 = 4*x, 0 = -a + 8 - 10. Let z = h + x. Is z prime?
False
Let i(s) = 2565*s**3 - s**2 + 5*s - 3. Let r(d) = -d**3 + d**2 - d. Let m(f) = i(f) + 3*r(f). Is m(1) composite?
True
Let i be (-728)/(-63) + (-8)/(-18). Suppose 26*g = -i*g + 836342. Is g a composite number?
True
Suppose -206*j + a = -204*j - 12546, -3*a = -5*j + 31367. Is j prime?
True
Suppose -4*a + 2*a + 4 = 0. Suppose 0 = a*n - 0*n + 3*k - 16, -5*n + k + 23 = 0. Suppose 9*p - n*p - 572 = -4*u, 143 = u - 5*p. Is u prime?
False
Let q(w) = w**2 + 8*w - 14. Let d be q(-9). Let p(k) = -1255*k + 17. Let c be p(d). Is (2 - c/(-36)) + (-10)/(-45) a composite number?
True
Suppose 185*c + 12587 = 199*c - 18955. Is c a composite number?
True
Let g(i) = 2634*i + 125. Is g(23) composite?
True
Let u = 160346 - 64477. Is u prime?
True
Let i = 71 + -61. Let z be ((-15)/i)/((3/1748)/(-1)). Is (2 + z/(-6))*(-1 - 2) a prime number?
True
Suppose -12*b = -13*b - 4*f + 5911, -5*f = b - 5907. Suppose n - 4*o = b, -2*n + 11834 = -2*o + 4*o. Is n prime?
False
Suppose 2*m = -3*v + 2*v + 15, 0 = -2*m + 2*v + 12. Is m - 114/15 - (-5978)/5 composite?
True
Is (14/((-616)/(-718971)))/(3/4) prime?
True
Let r(a) = 6*a**2 - 25*a - 125. Let x = 212 + -189. Is r(x) composite?
True
Is (-12)/(-8)*-1*(-1613610)/27 a prime number?
False
Let w be ((-5)/(-4))/(145/232). Is 1/w*(4 - -9994) composite?
False
Let g(k) = 4961*k**2 + 165*k - 771. Is g(5) composite?
True
Let d(u) = 12*u**2 + u - 3. Let s be (-4 + -1 - 2) + 15 + -18. Is d(s) composite?
False
Let q(a) = -387489*a**3 - 5*a**2 - 5*a - 9. Is q(-2) a prime number?
True
Suppose 32*m - 34*m + 16050 = 0. Suppose -3*z - 2*g = -m - 742, -8 = -4*g. Is z prime?
False
Let f = 490991 + -245740. Is f prime?
True
Let c be (-334)/22 - (124/44 - 3). Is ((-12472)/12)/(10/c) composite?
False
Let f(l) = -9*l**3 - 45*l**2 + l + 5. Let q(x) = 4*x**3 + 23*x**2 - 2. Let s(k) = -3*f(k) - 7*q(k). Let h(d) = d**2 + 2*d - 146. Let t be h(10). Is s(t) prime?
False
Let i(n) = -524*n - 82. Let o be i(-15). Suppose f = 1109 + o. Is f composite?
False
Suppose v + 49 = 44. Let k be (1 + 1 - 2)/(3 + v). Is (3*(-1 + k))/((-12)/36) a composite number?
True
Suppose 147730 = 2*o - 3*v, 40*v - 60 = 55*v. Is o a composite number?
False
Let z = -120 + 122. Suppose z*x - 9*x = -15071. Is x prime?
True
Suppose -2*y = y - 144. Let f be 113 + -1 - y/16. Let k = f - -1252. Is k composite?
False
Let j(i) = 64*i**2 + 26*i + 7. Let v = 108 - 102. Is j(v) composite?
False
Let h(p) = -7*p + 2240. Let f be h(0). Suppose -4*y - 12 = -f. Is y composite?
False
Let j be (-3)/6*1 + 561/(-66). Is 9/j*1*-17291 a prime number?
True
Let u(w) = 2716*w**2 - 8*w - 5. Let f be u(-3). Suppose -3*b + c = -3*c - f, 3*b + 5*c - 24454 = 0. Is b composite?
True
Suppose -282 = 8*n - 2*n. Let z = 183 - n. Let j = 1083 - z. Is j a composite number?
False
Let m be (-1)/6 - 1/(-6). Suppose m = 11*q - 5*q - 354. Is q a prime number?
True
Suppose -808407 - 256011 = -114*x. Is x composite?
False
Suppose 5295741 - 422312 = 66*o - 252329. Is o prime?
False
Let b be 132*13*(1 - 0). Suppose -2*q + 1694 = 5*d, -4213 = -0*q - 5*q - 7*d. Let s = b - q. Is s a prime number?
False
Let j be (-26476 + 2)*24/(-48). Suppose -4*g + 3155 = c, 4*c - 5*g - j + 575 = 0. Is c a composite number?
False
Is 96/(-64)*-1609349 - (-10)/(-4) composite?
False
Let f(n) be the third derivative of -1/6*n**3 - 1/6*n**5 + 0*n - 1/120*n**6 - 7*n**2 + 0 - 49/24*n**4. Is f(-6) composite?
False
Let x be (-5 - -7)*393/6. Suppose -x*p - 8 = -129*p. Is (1256/2 - p) + 1 + -4 composite?
True
Let m = 74 + -72. Let h(q) = 23*q - 9 - 7*q - 4*q**m + 10 + q**3 + 18. Is h(10) a composite number?
True
Let s(r) = r**3 - 21*r**2 + 4*r - 86. Let o be s(21). Is o/12*-3 + 42435/6 a composite number?
True
Let b(h) = 2*h**2 - 19*h + 21. Let i be b(9). Let m(s) = s**3 - 4*s**2 + 9*s + 33. Is m(i) a prime number?
False
Let p(i) = -4*i**3 - 5*i**2 - i - 7. Let k be p(-5). Suppose 2*b + 5*f - 187 = 0, b - 152 + 58 = -2*f. Let n = b + k. Is n a prime number?
False
Suppose 14*v - 8044 - 35748 = 0. Let d = v - 1857. Is d prime?
False
Suppose 0 = -3*h + 4*h - 614. Let j be (-1 + -89)*162/108. Let m = j + h. Is m composite?
False
Let v = 289884 - -27107. Is v a composite number?
False
Let t(i) = 2*i - 14. Let k be t(10). Suppose k*m + 3*m = 1710. Let x = 569 - m. Is x composite?
False
Let b(p) = 826*p + 2047. Is b(22) prime?
True
Let g be 30/((-2)/546*-7). Suppose -m - g = -3*w + 1199, -3*w - 2*m = -2363. Is w composite?
True
Let s = -21 + 20. Let v be (-6648)/(4*(-1)/(-4)) - s. Let w = -4702 - v. Is w prime?
False
Suppose 4*s + 27 = 23. Is s/(6/(-4)*(-20)/(-24630)) composite?
False
Let d(l) = -l**3 + 10*l**2 - 11*l + 37. Let i = 192 - 183. Is d(i) prime?
True
Let q(k) = 336656*k**2 - 31*k + 23. Is q(2) composite?
True
Suppose 4*p - 20 = -2*k, 0 - 8 = -2*k - p. Suppose 0 = 2*j + 3*j - 15. Suppose 2724 = k*d + t, -2260 = j*d - 5*t - 6333. Is d prime?
True
Let n = 25867 + -17376. Is n a composite number?
True
Suppose 0 = p + 3*k, 5*p - k - 22 = -6. Suppose -3*w - 6*a + 4 = -2*a, -p*w = 3*a - 3. Suppose w = 14*s - 16*s + 1676. Is s a prime number?
False
Let b be 4 - ((-6)/15 + (-39)/15). Suppose b*s + 1593 = 4*s. Let t = 892 + s. Is t composite?
True
Let b = 1135 - 5227. Let s = 8339 + b. Suppose 0 = -0*r + 3*r - 4*d - s, 0 = 5*d + 25. Is r a prime number?
True
Let x(q) = 8*q**2 + 5*q +